) = 258*j**2 + 778*j - 71. What is i(0)?
-71
Let j(v) = -554*v - 25783. Determine j(-46).
-299
Let o(h) = -2*h**3 - 438*h**2 - 89*h - 19427. What is o(-219)?
64
Let s(y) = -y**3 + 87*y**2 + 2959*y - 257440. Calculate s(87).
-7
Let j(m) = -9997*m - 1009712. What is j(-101)?
-15
Let q(f) = 1637*f + 124415. Calculate q(-76).
3
Let y(a) = 184*a**2 - 2928*a + 37. Calculate y(18).
6949
Let k(n) = -n**3 - 6*n**2 + 25*n - 123. Calculate k(0).
-123
Let w(n) = 65*n**3 + 108*n**2 + 93*n - 201. Calculate w(1).
65
Let v(l) = 5*l**3 + 211*l**2 - 226*l - 11108. What is v(-42)?
148
Let l(f) = -3*f**2 - 35*f + 120. Calculate l(-16).
-88
Let f(r) = -r**3 - 96*r**2 - 150*r + 74. Calculate f(-2).
-2
Let d(a) = -4*a**2 - 1429*a - 8523. What is d(-6)?
-93
Let t(h) = 8*h**2 + 1948*h + 17778. Determine t(-234).
-6
Let o(j) = -43*j**2 + 18142*j + 1684. Give o(422).
-4
Let g(l) = -359*l + 41100. What is g(114)?
174
Let v(u) = 26*u**2 - 463*u - 20. Calculate v(17).
-377
Let q(b) = b**2 + 749*b + 34164. Calculate q(-47).
1170
Let r(z) = -703*z + 235780. Determine r(335).
275
Let p(m) = -71*m - 485. Calculate p(-4).
-201
Let k(t) = 4*t**2 + 278*t + 4645. Calculate k(-46).
321
Let z(r) = 410*r - 10712. Give z(26).
-52
Let q(i) = -6*i**2 + 870*i - 5778. Give q(138).
18
Let b(q) = -704*q**3 + 24*q**2 + 34*q + 4. What is b(-1)?
698
Let r(y) = 1246*y + 11215. Give r(-10).
-1245
Let q(v) = -7*v**3 - 514*v**2 - 200*v + 1420. Give q(-73).
33
Let b(n) = -2*n**2 - 579*n + 8198. Calculate b(-303).
17
Let c(q) = 7119*q + 626530. What is c(-88)?
58
Let t(a) = 960*a**3 + a**2 - 26*a + 23. What is t(1)?
958
Let i(z) = -5*z**2 + 158*z - 333. Calculate i(24).
579
Let l(s) = -31*s**2 + 380*s + 1367. Give l(-3).
-52
Let a(j) = -905257*j + 9052569. Determine a(10).
-1
Let x(a) = -a**2 + 157*a + 5467. Determine x(-34).
-1027
Let g(y) = -36805*y - 8685961. Give g(-236).
19
Let h(q) = q**3 + 139*q**2 + 148*q + 21095. Calculate h(-139).
523
Let s(n) = n**3 - 71*n**2 - 92*n - 3594. Determine s(73).
348
Let m(a) = -927*a - 76123. Determine m(-82).
-109
Let x(b) = -10*b**3 - 430*b**2 + 5*b - 116. Give x(-43).
-331
Let y(n) = -47221*n + 188885. Calculate y(4).
1
Let c(u) = 3*u**3 + 199*u**2 + 336*u + 31476. Determine c(-67).
-14
Let d(c) = -65*c**3 - 13261*c**2 - 200*c + 834. Calculate d(-204).
18
Let f(c) = c**3 + 37*c**2 + 815*c + 27652. Determine f(-36).
-392
Let o(l) = 4*l**3 - 41*l**2 - 254*l - 32. Determine o(-8).
-2672
Let i(g) = -156*g - 2329. What is i(-23)?
1259
Let w(t) = -249886*t - 999524. Give w(-4).
20
Let v(a) = 483*a + 10753. Give v(-22).
127
Let f(l) = -60*l**3 + 54729*l**2 - 8212*l + 3649. Calculate f(912).
1
Let v(y) = y**3 - 66*y**2 - 943*y - 56. Give v(-12).
28
Let q(x) = -x**3 + 407*x**2 + 1702*x - 23905. Give q(411).
-67
Let b(w) = -w**3 - 22*w**2 - 40*w + 33. Give b(-4).
-95
Let r(o) = -o**3 + 8*o**2 + 1806*o + 10806. Give r(-6).
474
Let g(n) = -3050519*n + 18303113. Calculate g(6).
-1
Let m(g) = -39749*g - 238450. Give m(-6).
44
Let f(y) = 2073*y**3 + 2*y**2 + 4*y + 2. Give f(-1).
-2073
Let m(y) = -148*y**2 + 2657*y - 9535. Give m(13).
-6
Let n(i) = -19*i**3 - 66*i**2 - 20*i - 55. Determine n(-4).
185
Let z(a) = 21913*a - 1555815. What is z(71)?
8
Let g(n) = 2*n**2 + 1716*n + 368013. Determine g(-435).
3
Let j(b) = -12*b**3 - 530*b**2 - 1110*b - 766. Calculate j(-42).
-10
Let p(v) = 33221*v + 99662. Calculate p(-3).
-1
Let y(c) = -1340*c + 117888. Give y(87).
1308
Let b(u) = -2182*u**2 + 37*u + 33. Determine b(-1).
-2186
Let s(w) = -3114*w + 28008. Calculate s(9).
-18
Let t(h) = -77*h + 3467. What is t(66)?
-1615
Let x(i) = 10178*i - 91623. Give x(9).
-21
Let v(t) = 3*t**3 + 194*t**2 - 956*t + 526. What is v(4)?
-2
Let f(v) = 88*v - 8831. Determine f(107).
585
Let v(k) = -18057*k - 938960. Determine v(-52).
4
Let n(i) = -361*i - 3719. Give n(-4).
-2275
Let i(r) = 241*r + 1445. Calculate i(-6).
-1
Let u(d) = d**2 + 236*d + 8552. Determine u(-47).
-331
Let b(x) = -1007*x**3 - 27188*x**2 + 3*x - 646. Calculate b(-27).
2
Let v(z) = -2*z**3 - 43*z**2 - 10*z - 144. Determine v(-21).
-375
Let z(x) = -151274*x - 756403. Calculate z(-5).
-33
Let t(x) = -36297*x + 217774. Calculate t(6).
-8
Let y(p) = -465*p**2 - 110675*p - 1227. Calculate y(-238).
-37
Let c(j) = 2*j**2 + 544*j + 5699. Give c(-11).
-43
Let y(w) = -2728*w + 148146. Give y(54).
834
Let f(w) = 2*w**2 - 594*w + 20395. Give f(33).
2971
Let b(k) = -138287*k + 414853. What is b(3)?
-8
Let m(t) = -t**3 + 51*t**2 - 431*t + 19168. Give m(50).
118
Let f(n) = 4018*n - 184046. What is f(46)?
782
Let m(i) = 760*i + 39556. Give m(-52).
36
Let l(x) = 5*x**3 - 29*x**2 + 87*x - 102. Determine l(8).
1298
Let c(p) = 22154*p + 531711. Give c(-24).
15
Let v(u) = 22*u**2 + 1236*u + 5821. Give v(-51).
7
Let x(g) = 567285*g - 3970994. Calculate x(7).
1
Let s(z) = -41*z**2 + 166*z + 1030. What is s(7)?
183
Let x(k) = -733*k - 3176. Calculate x(-4).
-244
Let u(n) = -n**3 + 8*n**2 + 32*n - 133. Determine u(7).
140
Let h(y) = 3*y**2 + 1849*y + 43467. Give h(-24).
819
Let s(w) = 267*w**2 - 1399*w - 5895. What is s(8)?
1
Let y(t) = -625*t - 1476. Give y(-2).
-226
Let q(w) = 206*w - 2434. Calculate q(9).
-580
Let n(x) = 2*x**2 - 471*x + 9400. What is n(22)?
6
Let j(o) = -12*o + 794. Give j(-6).
866
Let z(b) = -1121*b**2 - 3*b - 1. Give z(-1).
-1119
Let n(g) = -2*g**2 + 2635*g - 26325. Determine n(10).
-175
Let l(p) = 3*p**2 + 48571*p - 1167391. What is l(24)?
41
Let w(a) = -a**2 + 6322*a + 165027. Give w(-26).
-21
Let l(f) = -f**3 - 277*f**2 + 4072*f - 538. Calculate l(-291).
44
Let d(p) = 15628*p + 250065. What is d(-16)?
17
Let r(t) = -2239*t**2 + 71638*t - 62. Determine r(32).
-382
Let s(z) = 7*z**2 - 291*z + 1790. Calculate s(8).
-90
Let s(z) = -25*z**2 + 2440*z + 95. Calculate s(98).
-885
Let w(h) = -6*h**2 - 528*h - 10750. What is w(-32)?
2
Let g(l) = 18*l**2 + 8822*l + 9781. Give g(-489).
1
Let f(z) = z**3 + 129*z**2 + 385*z + 103081. What is f(-132)?
-11
Let o(i) = -2*i**3 + 27*i**2 - 109*i + 78. Determine o(5).
-42
Let p(m) = -7*m**2 - 198*m + 2418. Calculate p(9).
69
Let n(f) = -20*f**2 - 11*f + 141. Calculate n(-7).
-762
Let o(z) = -4036*z + 104938. Calculate o(26).
2
Let l(o) = -773*o**2 + 2317*o - 8. Give l(3).
-14
Let t(q) = q**3 + 98*q**2 + 2581*q + 240961. Determine t(-97).
13
Let d(g) = -3732*g + 22623. What is d(6)?
231
Let z(o) = 44351*o + 133411. What is z(-3)?
358
Let i(t) = t**3 + 113*t**2 - 225*t + 583. Calculate i(-115).
8
Let v(m) = 2*m**2 + 1472*m - 7117321. What is v(1554)?
-1
Let s(c) = -2270*c - 365739. Give s(-161).
-269
Let u(o) = -4030*o - 112940. What is u(-28)?
-100
Let v(u) = -2808*u**2 - 30868*u + 293. Give v(-11).
73
Let u(a) = 3*a**2 - 202418*a + 4. Give u(0).
4
Let c(q) = -958*q + 80440. Calculate c(84).
-32
Let n(j) = -151*j**2 - 89*j + 38. Determine n(4).
-2734
Let q(l) = -5*l**3 - 9*l**2 - 42*l + 919. Determine q(6).
-737
Let k(q) = -3*q**3 + 32*q**2 - 101*q + 16. Calculate k(5).
-64
Let h(n) = -6*n**3 + 2*n**2 - 132*n + 1260. What is h(9)?
-4140
Let l(p) = -p**3 + 28*p**2 - 3*p - 228. Give l(26).
1046
Let u(d) = -27*d**3 - 2*d**2 - 6*d - 1. Calculate u(1).
-36
Let f(w) = 6*w**2 - 1157*w + 36684. What is f(40)?
4
Let k(i) = 2*i**3 - 3394*i**2 - 65205*i + 41. Determine k(-19).
-16
Let a(i) = -30*i**2 - 640*i - 1. Calculate a(-21).
209
Let m(d) = -2*d**3 - 50*d**2 - 21*d + 253. What is m(-25)?
778
Let q(z) = -33*z**2 - 1906*z - 762. Give q(-58).
-1226
Let j(p) = 3*p**3 + 21*p**2 - 475*p + 1830. Calculate j(5).
355
Let p(s) = -16*s**2 - 4223*s + 4502. Give p(-265).
-3
Let x(f) = f**2 - 22*f - 781. Give x(-48).
2579
Let a(r) = 39*r + 4565. Determine a(-109).
314
Let y(k) = 10220*k + 347514. Give y(-34).
34
Let o(c) = -5*c**2 - 58*c + 265. Calculate o(4).
-47
Let j(g) = 26626*g + 31285545. What is j(-1175)?
-5
Let c(z) = -4*z**3 - 65*z**2 + 52*z + 1085. Calculate c(-16).
-3
Let m(p) = -51*p**2 - 639*p - 324. Determine m(-12).
0
Let m(c) = 11*c**2 + 1982*c - 16238. What is m(-188)?
-70
Let c(n) = -240814*n - 1204079. Give c(-5).
-9
Let q(x) = -31*x**3 - 8507*x**2 + 4944*x - 1651. What is q(-275)?
-1
Let k(y) = y**2 - 1088*y + 211831. What is k(254)?
-5
Let m(t) = -224*t**2 - 88908*t + 7986. Calculate m(-397).
46
Let b(z) = 791*z + 4838. Calculate b(-6).
92
Let u(s) = 2*s**2 - 2789*s + 22197. What is u(8)?
13